d derivative of 17/12*b**4 - 1/6*b**3 + 2 + 13*b - 1/2*b**2. Calculate p(-1).
17
Suppose -36 = 2*v + 2 - 2. Let o(p) = p**2 + 16*p + 2. Give o(v).
38
Let s(i) = i**3 - i**2 + 2*i - 1. Suppose -6 = -2*d + 2*a, -7*a + 2*a - 21 = d. Let c be 2/(-5)*d*(-30)/(-6). Calculate s(c).
7
Let v(d) = -d**3 - 8. Let i(p) = p**3 + 8. Let u(z) = 6*i(z) + 5*v(z). What is u(0)?
8
Let u(k) = 2*k**2 - k. Suppose 11*q + 1641 = 5942. Suppose q*y - 394*y - 12 = 0. What is u(y)?
36
Let w(s) = -4*s - 43. Let i(a) = 25*a + 218. Let p(x) = 2*i(x) + 11*w(x). Give p(5).
-7
Let u(w) = -w**2 + 4*w. Let h = -5031 + 5035. Let x = -2 - -6. Suppose -h*l = -x*t - 20, -3*t - 2 = 4. Determine u(l).
3
Let b(o) be the second derivative of -o**4/12 + o**3/2 + 13*o**2/2 + 9041*o. What is b(3)?
13
Let s(y) = -13*y - 17. Let z(v) = -37*v - 144 - 148 + 352 - 111. Let c(q) = -17*s(q) + 6*z(q). Give c(-13).
-4
Let j(f) be the third derivative of 0*f + 1/2*f**3 + 53 - 5/24*f**4 + f**2. What is j(2)?
-7
Let v(i) = 9 + 34*i**3 - 19*i + 36*i**3 - 13*i**2 + 3*i**2 - 53*i**3 - 18*i**3. Determine v(-7).
-5
Let t(f) = 413*f**2 - 19*f + 45. Let j(r) = 166*r**2 - 10*r + 22. Let g(m) = -5*j(m) + 2*t(m). Calculate g(2).
-12
Let r(i) = 7*i**3 - 7*i**2 - 5*i + 10. Let d(t) = -15*t**3 + 15*t**2 + 10*t - 22. Let l(h) = -6*d(h) - 13*r(h). What is l(3)?
-1
Let i(d) = 2*d**2 - 6. Let c be i(2). Let s(v) = 2*v**2 - 1 - v**2 + 0*v**c + 0*v**2. Suppose 6*t = 11*t. Give s(t).
-1
Suppose 18*p = -108*p - 882. Let w(n) = -n**3 - 9*n**2 + n - 6. What is w(p)?
-111
Let s(l) = 2*l**2 - 81*l - 5. Suppose 0 = -3*o + 5*u - 35, -35 = -70*o + 69*o - 5*u. Determine s(o).
-5
Let j(a) be the first derivative of -1/2*a**2 - 28 - 2*a. What is j(0)?
-2
Let h(i) = i**2 + 5*i + 9. Suppose 2*z = 21*z + 1102. Let v = -64 - z. Give h(v).
15
Let q(y) be the first derivative of -y - 3/2*y**2 + 5/3*y**3 + 23 - 1/2*y**4. Suppose 2*g = d + 3, -13 - 5 = -5*g - d. Give q(g).
-19
Let c(n) be the first derivative of -n**4/4 - n**3/3 - 4*n + 50. Suppose -1 = p + 4. Let m = p - -5. Calculate c(m).
-4
Let a(w) = -5*w - 3119 + 3157 - 11*w - w. Calculate a(2).
4
Let k = -742 - -136. Let f = -608 - k. Let i(u) = u**2 + 1. Give i(f).
5
Let f be 40*(-6)/24 - (0 - -11). Let q(x) = x - 49. What is q(f)?
-70
Let v(j) = 4*j**3 + j**2 + 3*j + 4. Let u(a) = -7*a**3 - 3*a**2 - 6*a - 8. Let r(i) = -3*u(i) - 5*v(i). Let o = -30 - -20. Let z = 6 + o. Determine r(z).
-8
Let l(d) = d**2 + 12*d + 3. Let b = 1791 - 1793. What is l(b)?
-17
Let o(k) = -k - 10. Let p(w) = -w - 1. Suppose -5*r - 5*h - 25 = 0, 2*r + 0 = 3*h + 5. Let q(x) = r*p(x) + o(x). Let g = 529 + -522. Give q(g).
-1
Suppose -3*b + 3*g = 0, -2*b + 8 = 5*g - 6. Let r(s) = 3674*s**2 - 1842*s**b - 1833*s**2 + s + 8. Give r(0).
8
Let k(h) = -16*h**2 + 50*h**3 - 48*h**3 + 290 - 5*h - 271. Determine k(8).
-21
Let c(x) = -x**2 - 3*x. Let z(g) be the third derivative of -g**5/10 - 5*g**4/6 + g**3/3 + 4*g**2 + 8*g. Let o(l) = -5*c(l) + z(l). Calculate o(3).
-22
Let y be (-2)/(-8) + 66/24. Suppose a - 2*c - 15 = y, a - 3*c - 15 = 0. Let v(h) = 2*h**2 - 15 - h**2 - 14 + a. What is v(4)?
11
Let z be (-3 + 0 - -3)/(3 + -2). Suppose z = -8*l + 7*l + 2. Let s(f) = 3*f - 4*f + l - 4. Give s(5).
-7
Let n(l) = -l**3 + 7*l**2 + 5*l + 33. Let j be 2/10*(7 + -3)*(-76 + 86). Give n(j).
9
Suppose 2*f - 3*o = 4 + 14, 0 = 4*o + 8. Let g(c) = 1010*c + 4 - 2037*c + 1026*c. Calculate g(f).
-2
Let x(m) = -3*m**2 - 20*m - 39. Suppose -541 = 433*w + 758. Calculate x(w).
-6
Let m(i) = -i**3 + 8*i**2 + 3*i - 29. Suppose 2*r = n - 18, 1249*n = 1254*n + 2*r - 30. Give m(n).
-5
Let a(k) = k**3 - 10 + 7*k - 14*k**2 + 11 + 59 - 4. Calculate a(13).
-22
Let g = -131 - -134. Let y(x) = -8 - 1 + 10 - 2*x - g*x. Give y(2).
-9
Let o(y) = y**2 - 23*y + 136. Let v = 4443 + -4434. Calculate o(v).
10
Let w(s) = 4*s - 4. Let i = 205 - 50. Let f be i/50 - (-2)/(-20). Calculate w(f).
8
Let c(m) be the second derivative of m**5/120 + 5*m**4/24 + 139*m**3/6 - 9*m - 7. Let h(d) be the second derivative of c(d). Determine h(5).
10
Let w(c) = -c**2 + 1. Suppose g - 4*n + 11 = 0, -2*n + 12 = 2*n. Let q(p) = 5*p**2 - 7. Let y(u) = g*q(u) + 6*w(u). Suppose 145 = 295*m - 150*m. What is y(m)?
-2
Let o(j) = -4*j**2 - 34*j - 12. Suppose 31*w + 24 = -f + 27*w, -4*w = 3*f + 40. Give o(f).
4
Let f(r) = -3*r + 13. Let b(q) = -q**3 + 10*q**2 + 15*q - 23. Let i be b(11). Suppose 4*d - 2*z = 1 + i, -3 = -d + z. Determine f(d).
-11
Suppose -146*p = -139*p. Let j(f) be the first derivative of -f**3/3 + f**2/2 + 16*f + 17. Determine j(p).
16
Let y(i) = -16*i**3 + 22*i**2 - 20*i + 40. Let z(x) = -11*x**3 + 22*x**2 - 21*x + 44. Let c(h) = -2*y(h) + 3*z(h). Calculate c(21).
10
Let a(y) be the second derivative of 1/20*y**5 + 4*y + 6*y**2 - 19/12*y**4 - 1/6*y**3 + 7. Give a(19).
-7
Let g(c) = c**3 - 4*c**2 - 3*c - 2. Suppose 18*a - 48 = 10*a. Suppose a*f - 7*f - 10 = 0. Let y be 22/4 + 5/f. Calculate g(y).
8
Let f(m) be the first derivative of 11*m**2/2 - 9*m - 75. Let w(y) = 9*y - 8. Let o(l) = 4*f(l) - 5*w(l). Calculate o(9).
-5
Let v(t) = -t**2 + 11*t - 4. Let w(h) = h - 3. Let g be w(-4). Let y be -6*((-130)/15 - g). Give v(y).
6
Let q(o) = o + 16. Let g(d) = -52*d**2 - 54*d**2 + 24*d + 156*d**2 - 5 - 52*d**2. Let y be g(12). Determine q(y).
11
Suppose 5*m = 5*f, 0 = -3*f + 306*m - 307*m + 4. Let x(v) = -123*v**3 + v - 1. Calculate x(f).
-123
Let p = 3568 - 3566. Suppose -4*j + 1 = -11. Let z(u) = -5*u**p + 6*u**j + 6*u - 6*u**3 - 5 + 0*u - u**3. Calculate z(-6).
-5
Let o(q) = 2*q - 7. Let c = -835 + 835. Calculate o(c).
-7
Let r(m) = -12*m**2 + 5*m + 4. Let y(j) = 7*j**2 - 2*j - 2. Let d(o) = -4*r(o) - 7*y(o). Suppose 0 = 3*a + 5*f - 3, a + 133 = -3*f + 138. Give d(a).
6
Let o(t) = t + 58. Let n(v) = 4*v + 148. Let f(z) = -2*n(z) + 5*o(z). What is f(-12)?
30
Let f(i) be the second derivative of 2 + 1/2*i**3 - 5/2*i**2 - 6*i. Determine f(-5).
-20
Let z(k) = 65 + 0 + 10*k + 7 - 13*k. Let l be z(23). Let a(q) = -2*q + 10. Determine a(l).
4
Let r(l) = 3*l**2 + 10*l - 42. Let y be r(3). Let v(a) = -6 - 1 + 24*a + 2*a - a**2 - y*a. Give v(6).
23
Let m(t) = -56*t + 1226. Let y be m(22). Let n(z) = -4*z**2 - 10*z - 6. What is n(y)?
-90
Let c = -1795 - -21541/12. Let l(g) be the third derivative of 0 + 1/5*g**5 + 0*g + c*g**4 + 1/6*g**3 - 10*g**2. Determine l(-1).
11
Let f(c) = -c + 11. Let z be 3/5 - 0 - 851/(-115). Give f(z).
3
Suppose 4*m = -0*m - 8. Let t(v) = -15*v**3 + 2*v**2 - 5*v - 10. Let a(u) = 12*u**3 - 2*u**2 + 3*u + 7. Let p(n) = 4*a(n) + 3*t(n). What is p(m)?
-28
Let x(m) be the first derivative of -m**2/2 - 4*m + 1. Let s be ((-36)/(-16))/(-9)*((62 - 6) + -12). Give x(s).
7
Let r(v) = v - 15. Let f(l) = -2*l + 22. Let h(k) = 5*f(k) + 8*r(k). Let i be h(-11). Suppose 3*n - i = -3*n. Let j(u) = -3*u + 2. What is j(n)?
-4
Let k(s) = -31*s**2 - 6*s + 9. Suppose 5*n + 23*u - 18*u = -20, -7*n - 2*u = -2. Determine k(n).
-127
Let a(g) = -621*g**3 - 35*g**2 - 5*g + 82. Let r(o) = -388*o**3 - 23*o**2 - 3*o + 55. Let i(n) = 5*a(n) - 8*r(n). Calculate i(9).
-39
Suppose 5*n = -5*w + 5156 - 1221, 0 = n + 4. Let j = w + -791. Let s(h) = h + 21. What is s(j)?
21
Let p = -358 - -364. Suppose -5*a - 5*f - 45 = 0, -2*a + 3*f - 21 = p*f. Let b(l) = l + 9. Let t(g) = g + 8. Let s(v) = 2*b(v) - 3*t(v). Determine s(a).
0
Let s(f) = -f**2 + 6*f - 6. Suppose 3*h + 15*h = 36. Suppose 3*k + 17*b - 18 = 16*b, 1 = h*k - 3*b. What is s(k)?
-1
Let l(d) = -d**2 - 3. Let u(o) = o**3 - 5*o**2 + 28*o - 147. Let b(t) = 4*l(t) + u(t). Give b(8).
1
Let m(o) = -o**2 + 3*o + 2. Let s be m(0). Let p(d) = 1 - 4*d - 4*d**2 - 7 - 3*d + 5*d**s. Calculate p(7).
-6
Let j(g) = -4*g - 2. Let q(i) = -5*i - 2. Let a(d) = -4*j(d) + 3*q(d). Let u be (-4)/((-17)/26 - (-6)/12). Suppose -8 = 3*h - u. Calculate a(h).
8
Let l(t) be the first derivative of -1/2*t**2 + 7*t - 28. Suppose 5*a - 5 = 4*a. What is l(a)?
2
Let h(n) = 4*n - 21. Let d be (-2 + 5/2)/(18/180) + -19. Calculate h(d).
-77
Let s be (-5 - 11) + 6 + 6. Let v(t) = -t**3 - 7*t**2 - 11*t + 7. Let k be v(s). Let m(i) = -6*i - 1. Calculate m(k).
-19
Suppose -18 = -r + 741*j - 746*j, 5*r = -j - 30. Let d(f) = -5*f - 27. Give d(r).
8
Let t(y) = -y**2 + 2*y + 1. Let h(l) = -21*l - 43. Let s be h(-7). Suppose -3*i + 58 = -s. Let v = -52 + i. What is t(v)?
1